 442. Let j = 1009 + t. Is j a prime number?
True
Let o = 893917 - 97206. Is o a prime number?
True
Suppose -4*l - 3*w = -14, -3*l + w - 1 + 5 = 0. Let f(a) = a**2 + 80*a - 24. Let p(o) = -16*o + 5. Let i(g) = l*f(g) + 11*p(g). Is i(-12) composite?
False
Let m = 37 + -34. Suppose 0 = 3*l + m*l - 2880. Suppose 0 = -3*p - 54 + l. Is p a prime number?
False
Suppose 0 = 4*q - 24, 847*w - 850*w + 2*q + 761691 = 0. Is w a composite number?
False
Let a be (-2)/16 - (-1110)/(-80). Let u = -12 - a. Suppose 3195 = 5*y - 5*z, -u = 3*z + 10. Is y composite?
True
Suppose 3*i + 2*i - 11634 = -2*o, 17430 = 3*o - 3*i. Suppose -16*g + o = -252. Is g composite?
False
Let y(q) = 7*q**2 - 1. Suppose -9*u = 4*u - 195. Is y(u) a composite number?
True
Let c be (38/8 - 5)*-4. Let v be (c/(-2))/((-39627)/(-13212) + -3). Let k = 1367 - v. Is k a prime number?
False
Suppose r - 100 = -4*r. Let b be 4/r*(18 - 3). Suppose -2*u - 4*x = -182, -b*u + 8*u + x = 455. Is u prime?
False
Let n(r) = -527*r**2 - 31*r - 17. Let k(o) = 352*o**2 + 21*o + 11. Let g(a) = 8*k(a) + 5*n(a). Is g(-2) composite?
False
Let u = 133376 + -63837. Is u a prime number?
True
Suppose -66*u + 165743 = -7755379. Is u a prime number?
True
Let z(k) be the third derivative of k**5/30 + 5*k**4/8 + 2*k**3 - 23*k**2. Suppose 2*t = l + t + 10, 3*l + 32 = t. Is z(l) a prime number?
True
Let i = 205 - 89. Let v = 107 - i. Is ((-2459)/6)/(v/54) composite?
False
Let s = 233 - 230. Suppose -s*x + 689 = 56. Is x a composite number?
False
Is 16/208 - 129438/(-39) a prime number?
True
Let t(j) = 513*j**2 + 105*j + 1145. Is t(-13) composite?
False
Suppose 5*y - 6*y = -4. Suppose y*k + i - 23885 = 0, -3*k = -0*i + i - 17914. Is k a composite number?
True
Is 6683763/55 - 78/(-2145) composite?
False
Is (-3)/(-5) - ((-4)/(-26) + (-991118038)/11245) a prime number?
False
Suppose 4*q - 3*q - 159 = 5*y, 3*q - 515 = -4*y. Suppose -5*m = -l - 15 + 1, 26 = -l + 2*m. Let i = q - l. Is i a prime number?
False
Let b be ((-28)/(-49))/((-4)/(-14)). Let t(u) = 441*u**3 + 6*u**2 + u. Is t(b) a composite number?
True
Is (4/(-7)*22340024/(-16))/2 composite?
True
Let o(k) = 2*k + 20. Let s be o(-13). Let i be 2 + 1897/(-3) - 2/s. Let x = -337 - i. Is x a composite number?
False
Suppose -21*a + 99 = 48*a - 108. Suppose 3*f - 3*m = -18, -5*f + m + m = 21. Is (-1 - a)*-126 + 0 + f prime?
False
Suppose 5*p + 50*m - 46*m - 51821 = 0, 3*m - 51827 = -5*p. Is p composite?
False
Let l(f) = -8*f**2 + 11*f - 6. Let h(q) = -4*q**2 + 6*q - 3. Let m = 18 + -24. Let p(d) = m*l(d) + 11*h(d). Is p(3) prime?
False
Let g(o) = 40 - 14 - 83*o + 52. Is g(-27) a composite number?
True
Is (-211)/(-16 + (-116088)/(-7256)) composite?
True
Let b = -151003 - -484380. Is b a prime number?
False
Let s(b) = -b**2 + 9*b + 90. Let a be s(-6). Suppose a*c + 4896 = 4*c - 4*n, 0 = -3*c - 3*n + 3642. Is c a composite number?
True
Let i = 130079 - 86688. Is i prime?
True
Let x(m) = m**3 + 8*m**2 - 8*m - 5. Let w = 14 + -21. Let o be x(w). Suppose 282 = 3*r - 0*a + 3*a, a = r - o. Is r a prime number?
True
Suppose -w - 53 + 41 = 0. Let n be 8/(-32) + (-39)/w. Is 1/n*-3*-1531 composite?
False
Let c = 186 - 184. Suppose 4*i + 25986 = c*r, -5*r + 0*i = -i - 65001. Is r a composite number?
False
Let g be -3*(-42)/(-36) - 2/4. Let d be ((-7)/(-2))/(g + (-130)/(-32)). Suppose 5*o = 2*z - 4941, 0 = 3*z + 4*o - d - 7321. Is z a prime number?
False
Suppose -2*y + 0*v = 2*v - 368, 0 = 2*y + v - 368. Suppose j = 3*n - 365, 5*n + 5*j - y - 391 = 0. Let s = 239 - n. Is s a composite number?
True
Let p(u) = -7*u**3 + 7*u**2 + 19*u - 9. Let k(l) = 4*l**3 - 3*l**2 - 10*l + 5. Let b(t) = -7*k(t) - 3*p(t). Is b(-7) a prime number?
False
Let i = 17193 - -10100. Suppose 0 = 28*t - 22127 - i. Is t composite?
True
Is -7*(-8)/56 + 101620 composite?
True
Suppose -5*k = 5*o - 4945, 2*o + 1001 = 2*k - k. Let d = -224 + k. Is d composite?
False
Is (-99046)/((-8 - -13) + -7) prime?
True
Let z(q) = 30*q**3 - 9*q**2 - 23*q + 14. Let t be z(-6). Is t*(1 - 15/12) prime?
True
Suppose -1386 = -l + 1616. Suppose -26*z = -2*g - 30*z + l, 2*g - 2996 = 2*z. Is g prime?
True
Suppose -3*i = -v - 12, -7*v + 3*v = -4*i + 16. Suppose -2*c + 905 = x, 0*x - i*x + 2*c = -3630. Is x a composite number?
False
Let k(u) be the third derivative of -193*u**4/8 + 7*u**3/6 - 47*u**2. Let t be k(-8). Let c = t - 2204. Is c a composite number?
True
Suppose -4*f = 5*f - 36. Suppose 2*m = 3*o - f*o + 1132, 4*o - 4*m - 4504 = 0. Let q = o + -769. Is q a composite number?
False
Let r(u) be the third derivative of -7*u**6/30 + u**5/30 + u**4/24 + 7*u**3/2 - 129*u**2. Is r(-4) a composite number?
True
Suppose 33 = x - 17. Let u = 385 - 218. Let n = x + u. Is n a composite number?
True
Let p(b) = 187*b**2 - 27*b + 169. Is p(7) prime?
False
Is (-12)/15 + (-29 - 3756336/(-20)) prime?
True
Let p(h) = 839*h**2 - 52*h + 853. Is p(14) a prime number?
True
Let w(p) = -p**2 - 9*p - 14. Let h be w(-6). Let i(b) = -b**3 - h*b**2 + b - 1 + 7*b**2 - 7*b**2. Is i(-7) a composite number?
False
Suppose 5*h + z = 275, 2*h + 5*z = -2 + 135. Suppose -h*y + 13046 = -43*y. Is y a composite number?
True
Is (-589 - -588)*(-82651 + 0) composite?
False
Suppose 0*y = 7*y. Suppose 4*l + 3*p = p + 97756, 2*l + 5*p - 48894 = y. Is l composite?
True
Let z(y) = -y**3 - 15*y**2 + 18*y + 31. Let p be z(-10). Suppose 3*v = -4*i + 13211, 13187 = 5*i + 4*v - 3327. Let f = p + i. Is f a prime number?
False
Let j be (-5)/(12432/2485 + -5). Let v = 5566 + j. Is v prime?
False
Suppose -5*p + s = -s - 426, -5*s = -5*p + 435. Let r = p + -85. Let o(y) = -260*y - 6. Is o(r) a prime number?
False
Let i = 204 + -194. Is i/25 - 86315/(-25) a prime number?
False
Let r = -2311 + 2315. Let z(v) = 490*v - 6. Let j be z(4). Suppose -r*s = 5*p - j, -4*p - 1 = 7. Is s composite?
False
Is 150521/(3 - 5 - (-3)/1) - 0 composite?
True
Suppose -x + 4*h = -10, -9 = -3*x + 4*h + h. Is (-1210110)/(-44) + x/(-4) a prime number?
False
Suppose 27*d - 12*d - 79365 = 0. Let m = d - -222. Is m a composite number?
True
Let d = -1552 - -4020. Let k = 4269 - d. Is k a prime number?
True
Suppose 2*m = -2*m, -2*b + 2*m = -2444. Is b - (-3 - (-3 - (-4 + 7))) prime?
False
Let z(l) = 16*l + 201 + 12*l - 31*l - 119*l. Is z(-11) a prime number?
True
Let h be 4 + -1 + -1 + -2. Suppose h = 2*v + 89 + 833. Let k = v + 808. Is k a composite number?
False
Let m be (6*(-2)/(-36))/((-2)/(-30)). Is (2/(-2) - m) + 2159 composite?
False
Is ((-231)/(-14))/(-33) - (-2)/(12/1794993) composite?
True
Let g = -56 + 60. Suppose -4*a - 2829 = p, 3*p - 5*a - 2829 = g*p. Let n = -1510 - p. Is n composite?
False
Let z(x) = 102*x + 73. Let m(h) = h**3 + 8*h**2 + 4*h + 3. Let v be m(-7). Is z(v) prime?
True
Suppose 96 = -6*g + 900. Suppose -122*o = -g*o + 5988. Is o prime?
True
Suppose -41*p + 63*p - 198 = 0. Let u(l) be the second derivative of 95*l**3/6 - 8*l**2 - l. Is u(p) a prime number?
True
Suppose 3*t - 3*s - 18 = 0, -3 = -33*t + 36*t + 4*s. Let g be 9/(-6)*(-3 - -1). Suppose -t*y = -g*r - 660, -883 = -3*y - y + 3*r. Is y a prime number?
True
Let i = 4899 + -9529. Let o = 7340 + i. Suppose -o = -4*k - k. Is k composite?
True
Let s = 499289 - 43098. Is s a composite number?
True
Let k(l) = -8*l - 78. Let w be k(-10). Suppose 1651 = w*o - 1543. Is o composite?
False
Suppose -4*s - 17*s = 458262. Is ((-65)/26)/(3/s) composite?
True
Let c be ((-2)/(-6))/(2/126). Suppose 10361 = c*d - 8308. Is d prime?
False
Suppose 91*v = 13*v + 105563878 + 26004884. Is v composite?
False
Let i = -22 + 25. Suppose -6*z = -i*z - 480. Let r = z - 91. Is r prime?
False
Suppose 5*l - 26*o + 23*o - 377521 = 0, 2*l + o - 151004 = 0. Is l prime?
True
Let m(v) = -141*v + 82. Let p be m(2). Is (2 - (-451)/(-4))/(10/p) a composite number?
True
Suppose 2*o + o = 18. Suppose -3*w - 3*g - o = 0, -3*w - 1 = -0*g + 2*g. Suppose -4*j = 2*p - 422, -w*p - 4*j - 808 = -7*p. Is p a prime number?
False
Suppose 4*n + 3*d = 1077233, 35*n - 37*n + 3*d = -538585. Is n a composite number?
True
Suppose -o = -4*d - 954797, 28*o + d - 1909648 = 26*o. Is o composite?
True
Is ((-257)/(-5))/(110/312950) prime?
False
Let s(r) = 170*r + 21. Let i(z) = 5*z + 33. Let h be i(-6). Let b be s(h). Suppose 510 + b = 3*y. Is y prime?
True
Suppose 5*i - 12 = -4*j - 44, 0 = 2*i - 3*j